{"id":2454,"date":"2025-07-04T10:40:07","date_gmt":"2025-07-04T08:40:07","guid":{"rendered":"https:\/\/les4pattounes.org\/les4pattorg\/?page_id=2454"},"modified":"2025-07-04T14:18:16","modified_gmt":"2025-07-04T12:18:16","slug":"pet-friendly","status":"publish","type":"page","link":"https:\/\/les4pattounes.org\/les4pattorg\/pet-friendly\/","title":{"rendered":"Ici, c\u2019est pet-friendly !"},"content":{"rendered":"<p>[et_pb_section fb_built=\u00a0\u00bb1&Prime; _builder_version=\u00a0\u00bb4.26.1&Prime; _module_preset=\u00a0\u00bbdefault\u00a0\u00bb global_colors_info=\u00a0\u00bb{}\u00a0\u00bb][et_pb_row _builder_version=\u00a0\u00bb4.27.4&Prime; _module_preset=\u00a0\u00bbdefault\u00a0\u00bb global_colors_info=\u00a0\u00bb{}\u00a0\u00bb][et_pb_column type=\u00a0\u00bb4_4&Prime; _builder_version=\u00a0\u00bb4.27.4&Prime; _module_preset=\u00a0\u00bbdefault\u00a0\u00bb global_colors_info=\u00a0\u00bb{}\u00a0\u00bb][et_pb_text _builder_version=\u00a0\u00bb4.27.4&Prime; _module_preset=\u00a0\u00bbdefault\u00a0\u00bb header_font=\u00a0\u00bb|||on|||||\u00a0\u00bb global_colors_info=\u00a0\u00bb{}\u00a0\u00bb]<\/p>\n<h1 style=\"text-align: center;\">Ici, c\u2019est pet-friendly !<\/h1>\n<p>[\/et_pb_text][\/et_pb_column][\/et_pb_row][et_pb_row _builder_version=\u00a0\u00bb4.27.4&Prime; _module_preset=\u00a0\u00bbdefault\u00a0\u00bb custom_margin=\u00a0\u00bb-12px|auto||auto||\u00a0\u00bb global_colors_info=\u00a0\u00bb{}\u00a0\u00bb][et_pb_column type=\u00a0\u00bb4_4&Prime; _builder_version=\u00a0\u00bb4.27.4&Prime; _module_preset=\u00a0\u00bbdefault\u00a0\u00bb global_colors_info=\u00a0\u00bb{}\u00a0\u00bb][et_pb_text _builder_version=\u00a0\u00bb4.27.4&Prime; _module_preset=\u00a0\u00bbdefault\u00a0\u00bb global_colors_info=\u00a0\u00bb{}\u00a0\u00bb]<\/p>\n<p><strong>Partez l\u2019esprit l\u00e9ger, en vacances avec vos animaux ! \ud83d\udc3e\ud83d\udc3e\ud83c\udf3f<\/strong><\/p>\n<p>Parce que nos compagnons \u00e0 quatre pattes font partie de la famille, nous avons rassembl\u00e9 pour vous une carte interactive regroupant tous les lieux accueillants pour les animaux : h\u00e9bergements, plages autoris\u00e9es, parcs, sentiers et plus encore.<\/p>\n<p>Que vous pr\u00e9pariez un road-trip ou une escapade le temps d\u2019un week-end, cette carte vous aidera \u00e0 trouver des endroits o\u00f9 votre animal est le bienvenu \u2014 pour des vacances sereines, en toute complicit\u00e9.<\/p>\n<p style=\"text-align: center;\"><strong>Explorez, s\u00e9lectionnez, et partez l\u2019esprit tranquille !<\/strong><\/p>\n<p>[\/et_pb_text][\/et_pb_column][\/et_pb_row][et_pb_row _builder_version=\u00a0\u00bb4.27.4&Prime; _module_preset=\u00a0\u00bbdefault\u00a0\u00bb global_colors_info=\u00a0\u00bb{}\u00a0\u00bb][et_pb_column type=\u00a0\u00bb4_4&Prime; _builder_version=\u00a0\u00bb4.27.4&Prime; _module_preset=\u00a0\u00bbdefault\u00a0\u00bb global_colors_info=\u00a0\u00bb{}\u00a0\u00bb][et_pb_code _builder_version=\u00a0\u00bb4.27.4&Prime; _module_preset=\u00a0\u00bbdefault\u00a0\u00bb hover_enabled=\u00a0\u00bb0&Prime; global_colors_info=\u00a0\u00bb{}\u00a0\u00bb sticky_enabled=\u00a0\u00bb0&Prime;]<iframe loading=\"lazy\" width=\"100%\" height=\"600px\" frameborder=\"0\" allowfullscreen allow=\"geolocation\" src=\"\/\/umap.openstreetmap.fr\/fr\/map\/les-4-pattounes-en-voyage_1239424?scaleControl=false&#038;miniMap=false&#038;scrollWheelZoom=false&#038;zoomControl=true&#038;editMode=disabled&#038;moreControl=true&#038;searchControl=null&#038;tilelayersControl=null&#038;embedControl=null&#038;datalayersControl=true&#038;onLoadPanel=none&#038;captionBar=false&#038;captionMenus=true\"><\/iframe><pee><a href=\"\/\/umap.openstreetmap.fr\/fr\/map\/les-4-pattounes-en-voyage_1239424?scaleControl=false&#038;miniMap=false&#038;scrollWheelZoom=true&#038;zoomControl=true&#038;editMode=disabled&#038;moreControl=true&#038;searchControl=null&#038;tilelayersControl=null&#038;embedControl=null&#038;datalayersControl=true&#038;onLoadPanel=none&#038;captionBar=false&#038;captionMenus=true\"><\/a><\/pee>[\/et_pb_code][\/et_pb_column][\/et_pb_row][\/et_pb_section]<\/p>\n","protected":false},"excerpt":{"rendered":"<p>Ici, c\u2019est pet-friendly !Partez l\u2019esprit l\u00e9ger, en vacances avec vos animaux ! \ud83d\udc3e\ud83d\udc3e\ud83c\udf3f Parce que nos compagnons \u00e0 quatre pattes font partie de la famille, nous avons rassembl\u00e9 pour vous une carte interactive regroupant tous les lieux accueillants pour les animaux : h\u00e9bergements, plages autoris\u00e9es, parcs, sentiers et plus encore. Que vous pr\u00e9pariez un road-trip [&hellip;]<\/p>\n","protected":false},"author":4,"featured_media":0,"parent":0,"menu_order":0,"comment_status":"closed","ping_status":"closed","template":"","meta":{"_et_pb_use_builder":"on","_et_pb_old_content":"","_et_gb_content_width":"","footnotes":""},"class_list":["post-2454","page","type-page","status-publish","hentry"],"yoast_head":"<!-- This site is optimized with the Yoast SEO plugin v27.5 - https:\/\/yoast.com\/product\/yoast-seo-wordpress\/ -->\n<title>Ici, c\u2019est pet-friendly ! - Les4pattounes<\/title>\n<meta name=\"robots\" content=\"index, follow, max-snippet:-1, max-image-preview:large, max-video-preview:-1\" \/>\n<link rel=\"canonical\" href=\"https:\/\/les4pattounes.org\/les4pattorg\/pet-friendly\/\" \/>\n<meta property=\"og:locale\" content=\"fr_FR\" \/>\n<meta property=\"og:type\" content=\"article\" \/>\n<meta property=\"og:title\" content=\"Ici, c\u2019est pet-friendly ! - Les4pattounes\" \/>\n<meta property=\"og:description\" content=\"Ici, c\u2019est pet-friendly !Partez l\u2019esprit l\u00e9ger, en vacances avec vos animaux ! \ud83d\udc3e\ud83d\udc3e\ud83c\udf3f Parce que nos compagnons \u00e0 quatre pattes font partie de la famille, nous avons rassembl\u00e9 pour vous une carte interactive regroupant tous les lieux accueillants pour les animaux : h\u00e9bergements, plages autoris\u00e9es, parcs, sentiers et plus encore. Que vous pr\u00e9pariez un road-trip [&hellip;]\" \/>\n<meta property=\"og:url\" content=\"https:\/\/les4pattounes.org\/les4pattorg\/pet-friendly\/\" \/>\n<meta property=\"og:site_name\" content=\"Les4pattounes\" \/>\n<meta property=\"article:publisher\" content=\"https:\/\/www.facebook.com\/les4pattounes\" \/>\n<meta property=\"article:modified_time\" content=\"2025-07-04T12:18:16+00:00\" \/>\n<meta name=\"twitter:card\" content=\"summary_large_image\" \/>\n<script type=\"application\/ld+json\" class=\"yoast-schema-graph\">{\"@context\":\"https:\\\/\\\/schema.org\",\"@graph\":[{\"@type\":\"WebPage\",\"@id\":\"https:\\\/\\\/les4pattounes.org\\\/les4pattorg\\\/pet-friendly\\\/\",\"url\":\"https:\\\/\\\/les4pattounes.org\\\/les4pattorg\\\/pet-friendly\\\/\",\"name\":\"Ici, c\u2019est pet-friendly ! - Les4pattounes\",\"isPartOf\":{\"@id\":\"https:\\\/\\\/les4pattounes.org\\\/les4pattorg\\\/#website\"},\"datePublished\":\"2025-07-04T08:40:07+00:00\",\"dateModified\":\"2025-07-04T12:18:16+00:00\",\"breadcrumb\":{\"@id\":\"https:\\\/\\\/les4pattounes.org\\\/les4pattorg\\\/pet-friendly\\\/#breadcrumb\"},\"inLanguage\":\"fr-FR\",\"potentialAction\":[{\"@type\":\"ReadAction\",\"target\":[\"https:\\\/\\\/les4pattounes.org\\\/les4pattorg\\\/pet-friendly\\\/\"]}]},{\"@type\":\"BreadcrumbList\",\"@id\":\"https:\\\/\\\/les4pattounes.org\\\/les4pattorg\\\/pet-friendly\\\/#breadcrumb\",\"itemListElement\":[{\"@type\":\"ListItem\",\"position\":1,\"name\":\"Accueil\",\"item\":\"https:\\\/\\\/les4pattounes.org\\\/les4pattorg\\\/\"},{\"@type\":\"ListItem\",\"position\":2,\"name\":\"Ici, c\u2019est pet-friendly !\"}]},{\"@type\":\"WebSite\",\"@id\":\"https:\\\/\\\/les4pattounes.org\\\/les4pattorg\\\/#website\",\"url\":\"https:\\\/\\\/les4pattounes.org\\\/les4pattorg\\\/\",\"name\":\"Les4pattounes\",\"description\":\"ENSEMBLE, NOUS POUVONS LES AIDER !\",\"publisher\":{\"@id\":\"https:\\\/\\\/les4pattounes.org\\\/les4pattorg\\\/#organization\"},\"potentialAction\":[{\"@type\":\"SearchAction\",\"target\":{\"@type\":\"EntryPoint\",\"urlTemplate\":\"https:\\\/\\\/les4pattounes.org\\\/les4pattorg\\\/?s={search_term_string}\"},\"query-input\":{\"@type\":\"PropertyValueSpecification\",\"valueRequired\":true,\"valueName\":\"search_term_string\"}}],\"inLanguage\":\"fr-FR\"},{\"@type\":\"Organization\",\"@id\":\"https:\\\/\\\/les4pattounes.org\\\/les4pattorg\\\/#organization\",\"name\":\"Les4pattounes\",\"url\":\"https:\\\/\\\/les4pattounes.org\\\/les4pattorg\\\/\",\"logo\":{\"@type\":\"ImageObject\",\"inLanguage\":\"fr-FR\",\"@id\":\"https:\\\/\\\/les4pattounes.org\\\/les4pattorg\\\/#\\\/schema\\\/logo\\\/image\\\/\",\"url\":\"http:\\\/\\\/les4pattounes.org\\\/les4pattorg\\\/wp-content\\\/uploads\\\/2023\\\/05\\\/logo.png\",\"contentUrl\":\"http:\\\/\\\/les4pattounes.org\\\/les4pattorg\\\/wp-content\\\/uploads\\\/2023\\\/05\\\/logo.png\",\"width\":2901,\"height\":1148,\"caption\":\"Les4pattounes\"},\"image\":{\"@id\":\"https:\\\/\\\/les4pattounes.org\\\/les4pattorg\\\/#\\\/schema\\\/logo\\\/image\\\/\"},\"sameAs\":[\"https:\\\/\\\/www.facebook.com\\\/les4pattounes\",\"https:\\\/\\\/www.instagram.com\\\/les_4pattounes\\\/\",\"https:\\\/\\\/www.tiktok.com\\\/@hancockles4pattounes\",\"https:\\\/\\\/www.linkedin.com\\\/groups\\\/12684287\\\/\"]}]}<\/script>\n<!-- \/ Yoast SEO plugin. -->","yoast_head_json":{"title":"Ici, c\u2019est pet-friendly ! - Les4pattounes","robots":{"index":"index","follow":"follow","max-snippet":"max-snippet:-1","max-image-preview":"max-image-preview:large","max-video-preview":"max-video-preview:-1"},"canonical":"https:\/\/les4pattounes.org\/les4pattorg\/pet-friendly\/","og_locale":"fr_FR","og_type":"article","og_title":"Ici, c\u2019est pet-friendly ! - Les4pattounes","og_description":"Ici, c\u2019est pet-friendly !Partez l\u2019esprit l\u00e9ger, en vacances avec vos animaux ! \ud83d\udc3e\ud83d\udc3e\ud83c\udf3f Parce que nos compagnons \u00e0 quatre pattes font partie de la famille, nous avons rassembl\u00e9 pour vous une carte interactive regroupant tous les lieux accueillants pour les animaux : h\u00e9bergements, plages autoris\u00e9es, parcs, sentiers et plus encore. Que vous pr\u00e9pariez un road-trip [&hellip;]","og_url":"https:\/\/les4pattounes.org\/les4pattorg\/pet-friendly\/","og_site_name":"Les4pattounes","article_publisher":"https:\/\/www.facebook.com\/les4pattounes","article_modified_time":"2025-07-04T12:18:16+00:00","twitter_card":"summary_large_image","schema":{"@context":"https:\/\/schema.org","@graph":[{"@type":"WebPage","@id":"https:\/\/les4pattounes.org\/les4pattorg\/pet-friendly\/","url":"https:\/\/les4pattounes.org\/les4pattorg\/pet-friendly\/","name":"Ici, c\u2019est pet-friendly ! - Les4pattounes","isPartOf":{"@id":"https:\/\/les4pattounes.org\/les4pattorg\/#website"},"datePublished":"2025-07-04T08:40:07+00:00","dateModified":"2025-07-04T12:18:16+00:00","breadcrumb":{"@id":"https:\/\/les4pattounes.org\/les4pattorg\/pet-friendly\/#breadcrumb"},"inLanguage":"fr-FR","potentialAction":[{"@type":"ReadAction","target":["https:\/\/les4pattounes.org\/les4pattorg\/pet-friendly\/"]}]},{"@type":"BreadcrumbList","@id":"https:\/\/les4pattounes.org\/les4pattorg\/pet-friendly\/#breadcrumb","itemListElement":[{"@type":"ListItem","position":1,"name":"Accueil","item":"https:\/\/les4pattounes.org\/les4pattorg\/"},{"@type":"ListItem","position":2,"name":"Ici, c\u2019est pet-friendly !"}]},{"@type":"WebSite","@id":"https:\/\/les4pattounes.org\/les4pattorg\/#website","url":"https:\/\/les4pattounes.org\/les4pattorg\/","name":"Les4pattounes","description":"ENSEMBLE, NOUS POUVONS LES AIDER !","publisher":{"@id":"https:\/\/les4pattounes.org\/les4pattorg\/#organization"},"potentialAction":[{"@type":"SearchAction","target":{"@type":"EntryPoint","urlTemplate":"https:\/\/les4pattounes.org\/les4pattorg\/?s={search_term_string}"},"query-input":{"@type":"PropertyValueSpecification","valueRequired":true,"valueName":"search_term_string"}}],"inLanguage":"fr-FR"},{"@type":"Organization","@id":"https:\/\/les4pattounes.org\/les4pattorg\/#organization","name":"Les4pattounes","url":"https:\/\/les4pattounes.org\/les4pattorg\/","logo":{"@type":"ImageObject","inLanguage":"fr-FR","@id":"https:\/\/les4pattounes.org\/les4pattorg\/#\/schema\/logo\/image\/","url":"http:\/\/les4pattounes.org\/les4pattorg\/wp-content\/uploads\/2023\/05\/logo.png","contentUrl":"http:\/\/les4pattounes.org\/les4pattorg\/wp-content\/uploads\/2023\/05\/logo.png","width":2901,"height":1148,"caption":"Les4pattounes"},"image":{"@id":"https:\/\/les4pattounes.org\/les4pattorg\/#\/schema\/logo\/image\/"},"sameAs":["https:\/\/www.facebook.com\/les4pattounes","https:\/\/www.instagram.com\/les_4pattounes\/","https:\/\/www.tiktok.com\/@hancockles4pattounes","https:\/\/www.linkedin.com\/groups\/12684287\/"]}]}},"_links":{"self":[{"href":"https:\/\/les4pattounes.org\/les4pattorg\/wp-json\/wp\/v2\/pages\/2454","targetHints":{"allow":["GET"]}}],"collection":[{"href":"https:\/\/les4pattounes.org\/les4pattorg\/wp-json\/wp\/v2\/pages"}],"about":[{"href":"https:\/\/les4pattounes.org\/les4pattorg\/wp-json\/wp\/v2\/types\/page"}],"author":[{"embeddable":true,"href":"https:\/\/les4pattounes.org\/les4pattorg\/wp-json\/wp\/v2\/users\/4"}],"replies":[{"embeddable":true,"href":"https:\/\/les4pattounes.org\/les4pattorg\/wp-json\/wp\/v2\/comments?post=2454"}],"version-history":[{"count":6,"href":"https:\/\/les4pattounes.org\/les4pattorg\/wp-json\/wp\/v2\/pages\/2454\/revisions"}],"predecessor-version":[{"id":2466,"href":"https:\/\/les4pattounes.org\/les4pattorg\/wp-json\/wp\/v2\/pages\/2454\/revisions\/2466"}],"wp:attachment":[{"href":"https:\/\/les4pattounes.org\/les4pattorg\/wp-json\/wp\/v2\/media?parent=2454"}],"curies":[{"name":"wp","href":"https:\/\/api.w.org\/{rel}","templated":true}]}}